*l + 2. What is c(-7)?
2
Let z(a) = -9*a**2 - 82*a - 8. What is z(-9)?
1
Let g(h) = h**2 + 9*h + 1. What is g(-9)?
1
Let z(t) = -t**3 + 10*t**2 - 7*t + 1. What is z(10)?
-69
Let w(m) = -23*m - 7. Determine w(-4).
85
Let l(t) = t - 13. Determine l(30).
17
Let j(f) = f**3 - 2*f**2 + 2*f - 3. Calculate j(3).
12
Let x(n) = n**3 + n**2 - 2*n + 72. What is x(0)?
72
Let k(x) = 2*x**2 - 9*x - 18. Give k(8).
38
Let p(t) = 4*t + 16. What is p(-4)?
0
Let h(p) = p**2 - 39*p + 111. Give h(36).
3
Let b(j) = j**2 + 8*j + 24. Calculate b(-9).
33
Let y(v) = 2*v**2 - 11*v - 10. Calculate y(5).
-15
Let h(k) = -3*k**2 + 16*k - 4. Calculate h(5).
1
Let p(n) = n**3 + n**2 - 15*n + 6. Calculate p(4).
26
Let d(n) = -n**2 - 7*n - 1. Give d(-6).
5
Let r(i) = -11*i + 7. Calculate r(5).
-48
Let h(p) = 22*p**2 - 3*p + 8. Calculate h(3).
197
Let x(w) = w**3 - 34*w**2 - 35*w - 6. Determine x(35).
-6
Let a(p) = 11*p - 160. What is a(15)?
5
Let t(o) = -o**3 - 6*o**2 - 2*o - 16. Calculate t(-6).
-4
Let o(c) = 6*c + 7. Give o(-9).
-47
Let g(q) = -24*q**2 + 2*q - 2. Give g(1).
-24
Let j(u) = -3*u**2 - 5*u - 16. Determine j(-3).
-28
Let p(u) = -9*u - 4. Determine p(4).
-40
Let t(h) = -42*h - 205. What is t(-5)?
5
Let n(q) = 21*q - 21. Calculate n(9).
168
Let x(k) = 8*k. Give x(-1).
-8
Let l(h) = -h**3 - 7*h**2 - h - 4. Give l(-7).
3
Let k(w) = w**3 + 8*w**2 + 4*w. Calculate k(-6).
48
Let k(u) = -u**3 - 5*u**2 - 6*u + 4. Determine k(-3).
4
Let r(k) = 2*k**2 + 4*k - 1. What is r(-4)?
15
Let b(a) = -15*a + 3. What is b(2)?
-27
Let w(p) = -p**3 + 14*p**2 - 40*p + 18. Determine w(10).
18
Let y(n) = 2*n**2 + 7*n - 16. Calculate y(4).
44
Let l(r) = -r**2 + 10*r + 9. Give l(11).
-2
Let s(u) = -u**3 + 14*u**2 + 16*u - 34. Calculate s(15).
-19
Let i(j) = -2*j - 8. Determine i(-6).
4
Let m(d) = d**3 - 3*d**2 + 4*d - 3. Give m(3).
9
Let x(b) = -b**3 - 4*b**2 - 5*b - 17. Give x(-3).
-11
Let r(h) = 4*h + 17. Calculate r(6).
41
Let f(g) = g**3 - 10*g**2 + 24*g - 16. Determine f(7).
5
Let m(r) = 17*r**2 - r + 1. Give m(-2).
71
Let d(i) = i**3 - 8*i**2 - 8*i + 5. Give d(9).
14
Let w(d) = -d**2 + 23*d - 31. Determine w(12).
101
Let k(o) = 17*o - 599. Calculate k(35).
-4
Let v(a) = a**2 - 4*a + 1. Calculate v(3).
-2
Let z(n) = 2*n + 52. Determine z(-8).
36
Let o(q) = -q**2 + 2*q. Determine o(-3).
-15
Let i(r) = r**3 - 6*r**2 - 19*r + 81. Calculate i(7).
-3
Let k(x) = -16*x - 1. What is k(1)?
-17
Let w(c) = c**3 - 10*c**2 + 18*c - 12. Calculate w(8).
4
Let o(p) = -12*p + 1. Calculate o(1).
-11
Let c(z) = -z**3 + 8*z**2 + 4*z - 8. Give c(8).
24
Let n(h) = 2*h**2 - 25*h + 21. Determine n(11).
-12
Let z(t) = 3*t - 6. Determine z(9).
21
Let x(q) = 5*q**2 - 12*q - 59. Give x(-6).
193
Let f(w) = 8*w - 304. Calculate f(39).
8
Let p(l) = 8*l + 13. Determine p(-2).
-3
Let n(r) = -2*r**3 + 4*r**2 - 2. What is n(3)?
-20
Let s(o) = -o**3 + 6*o**2 + 4. Calculate s(5).
29
Let i(p) = p**3 - 17*p**2 - 19*p + 17. Give i(18).
-1
Let d(w) = -w + 33. Calculate d(33).
0
Let v(i) = i**3 - 11. Determine v(0).
-11
Let a(l) = 47*l + 337. Determine a(-7).
8
Let u(z) = -z**3 - 12*z**2 - 35*z + 4. What is u(-7)?
4
Let m(n) = 5*n + 12. What is m(8)?
52
Let a(r) = r**2 - r + 12. Determine a(5).
32
Let l(d) = d**3 - 23*d**2 + 24*d - 51. Calculate l(22).
-7
Let u(m) = m**2 + 5*m - 8. Calculate u(-10).
42
Let q(f) = 2*f**2 - 7. What is q(-3)?
11
Let w(l) = -l**2 + 9*l - 16. Calculate w(11).
-38
Let w(j) = -j**3 + 32*j**2 + 9. Determine w(32).
9
Let w(g) = -g**3 + 4*g**2 - g. What is w(3)?
6
Let n(x) = x**2 - 11*x - 81. Determine n(18).
45
Let j(h) = -h**2 + 16*h - 10. Calculate j(15).
5
Let q(u) = -u**2 - 10*u - 1. Determine q(-4).
23
Let s(g) = g + 8. Give s(-6).
2
Let g(q) = -q**3 + 6*q**2 - 3*q - 1. Give g(5).
9
Let r(m) = -m**2 + 13*m + 15. Calculate r(15).
-15
Let l(o) = o**3 - 22*o**2 - 49*o + 33. What is l(24)?
9
Let b(a) = a**3 + 7*a**2 - 11*a + 13. Determine b(-7).
90
Let h(l) = l**2 - l - 8. What is h(-2)?
-2
Let z(f) = -4*f**3 - f**2 + 3*f - 1. Calculate z(1).
-3
Let m(y) = -y**3 + 11*y**2 + 17*y - 11. Give m(12).
49
Let w(j) = 2*j - 14. Calculate w(5).
-4
Let s(h) = 3*h + 6. Give s(-1).
3
Let f(a) = 44*a - 335. Give f(8).
17
Let n(h) = -16*h + 212. Determine n(15).
-28
Let a(t) = t**2 - 7*t - 37. What is a(11)?
7
Let i(t) = 3*t + 55. Give i(-11).
22
Let r(b) = 2*b**2 - 18*b + 19. What is r(6)?
-17
Let x(q) = q + 38. Determine x(-16).
22
Let d(y) = -y**3 + 13*y**2 - 13*y + 5. What is d(12)?
-7
Let t(d) = -2*d**2 - 33*d + 21. What is t(-17)?
4
Let q(t) = -t**2 - 26*t + 456. Determine q(-38).
0
Let j(y) = -2*y**2 - 16*y + 7. What is j(-9)?
-11
Let d(t) = 5*t**2 - 6*t. What is d(1)?
-1
Let x(s) = 55*s - 116. Determine x(2).
-6
Let h(w) = -w**2 + 4*w + 4. Calculate h(-1).
-1
Let d(x) = x**3 - 8*x**2 + 8*x + 2. Determine d(8).
66
Let q(p) = 4*p**2 - 6*p + 3. Give q(4).
43
Let k(s) = s**2 - 4. Give k(-3).
5
Let h(n) = n**2 + n - 21. What is h(0)?
-21
Let l(i) = i**2 - 4*i + 3. Calculate l(2).
-1
Let m(b) = -2*b**2 - 29*b - 145. What is m(-10)?
-55
Let y(u) = -u**3 - 33*u**2 + 40*u + 198. What is y(-34)?
-6
Let i(n) = 2*n**2 - 4. Calculate i(-3).
14
Let i(o) = 108*o + 110. Determine i(-1).
2
Let z(l) = l**3 + 8*l**2 + 2*l + 18. Calculate z(-8).
2
Let n(b) = -5*b**2 - 2*b + 16. What is n(3)?
-35
Let p(m) = m**2 + 6*m - 19. Calculate p(-8).
-3
Let c(o) = -2*o**3 + 9*o**2 + 13*o - 28. Give c(5).
12
Let f(y) = y**3 - 3*y**2 + 5*y + 4. What is f(4)?
40
Let m(d) = d**3 - 7*d**2 + 7*d - 3. What is m(6)?
3
Let o(d) = 2*d**3 - 2*d**2 - 15*d + 27. Determine o(2).
5
Let d(b) = b**2 + 9*b - 89. What is d(6)?
1
Let h(k) = -2*k**2 - 27*k - 26. Calculate h(-13).
-13
Let w(r) = -r**3 - 4*r**2 + 25*r - 49. What is w(-8)?
7
Let k(l) = -l**3 - 18*l**2 + 22*l + 38. Determine k(-19).
-19
Let z(s) = -2*s**2 + 32*s + 37. Calculate z(16).
37
Let v(h) = -5*h + 1. Calculate v(5).
-24
Let n(d) = d**3 - 8*d**2 - 21*d + 32. Determine n(10).
22
Let g(a) = -a**3 - 4*a**2 - 2*a + 1. Give g(-3).
-2
Let w(o) = 17*o + 76. Calculate w(-5).
-9
Let c(a) = -3*a**3 - a**2 + 7*a + 1. What is c(-3)?
52
Let g(o) = -o**2 + 10*o - 3. Give g(10).
-3
Let j(i) = -21*i + 9. What is j(5)?
-96
Let y(a) = -2*a**2 + 40*a + 10. Determine y(20).
10
Let d(g) = g**2 + 6*g - 27. What is d(-12)?
45
Let a(i) = 7*i + 25. Determine a(-15).
-80
Let v(c) = 13*c - 8. Give v(-2).
-34
Let g(o) = -4*o - 12. Determine g(-10).
28
Let n(d) = -d**3 - 23*d**2 + 22*d + 513. Determine n(-23).
7
Let c(k) = k + 12. Determine c(-11).
1
Let f(x) = x**2 + 4*x + 54. Determine f(-7).
75
Let s(o) = 6*o - 10. Give s(-7).
-52
Let u(z) = 22*z + 521. Calculate u(-25).
-29
Let v(k) = -4*k + 144. What is v(37)?
-4
Let f(a) = -a**2 + 45*a + 248. What is f(-5)?
-2
Let m(j) = j**2 + j - 2. What is m(1)?
0
Let u(r) = 2*r - 36. Calculate u(14).
-8
Let l(k) = 3*k + 1. Give l(-4).
-11
Let a(w) = 3*w - 13. Determine a(14).
29
Let n(c) = c**3 + 7*c**2 + 9*c + 9. What is n(-6)?
-9
Let k(f) = -f**2 + 14*f - 51. What is k(7)?
-2
Let y(i) = 2*i + 3. Calculate y(-3).
-3
Let r(k) = k + 25. What is r(-19)?
6
Let q(z) = -z**3 - z + 6. Determine q(0).
6
Let o(k) = k**3 + 7*k**2 + 9*k + 19. Give o(-6).
1
Let o(w) = w**3 - 20*w**2 + w - 11. What is o(20)?
9
Let c(w) = -73*w - 221. What is c(-3)?
-2
Let h(z) = -z**2 + 15*z + 106. What is h(-5)?
6
Let y(l) = -2*l**2 + l + 4. Give y(2).
-2
Let u(q) = q**3 - 11*q**2 + 4. Give u(11).
4
Let y(r) = 5*r**3 + 2*r**2 + 6*r + 5. What is y(-1)?
-4
Let s(g) = g**3 - 3*g**2 - 6*g + 6. What is s(4)?
-2
Let r(t) = 12*t + 31. What is r(-3)?
-5
Let j(m) = 2*m**2 - 17*m - 14. Determine j(9).
-5
Let b(k) = k**3 - 8*k**2 + 9*k - 9. Determine b(7).
5
Let c(g) = g + 13. Give c(-7).
6
Let o(p) = -8*p. Calculate o(4).
-32
Let u(b) = -b**2 - 8*b - 10. What is u(-5)?
5
Let x(i) = -17*i**3 + i**2 + i + 1. Give x(-1).
18
Let d(r) = r + 6. Calculate d(7).
13
Let i(s) = -s**2 + s + 41. Calculate i(-8).
-31
Let q(w) = -6*w + 10. What is q(-7)?
52
Let t(c) = 2*c**3 + 12*c**2 + 4*c - 23. Calculate t(-5).
7
Let n(r) = 7*r + 78. What is n(-20)?
-62
Let m(x) = -2*x**3 + 2*x**2 + 24*x + 6. Calculate m(4).
6
Let r(d) = d**2 - 8*d - 65. Calculate r(12).
-17
Let c(z) = 32*z + 69. Give c(-2).
5
Let c(k) = -k**3 + k**2 + 15*k. Calculate c(-3).
-9
Let x(t) = 8*t + 2. What is x(1)?
10
Let x(q) = -14*q + 11. Calculate x(1).
